{"id":291,"date":"2016-12-15T14:31:12","date_gmt":"2016-12-15T13:31:12","guid":{"rendered":"http:\/\/www.racunovodstvo-sefas.si\/?page_id=291"},"modified":"2016-12-16T13:54:20","modified_gmt":"2016-12-16T12:54:20","slug":"racunovodstvo","status":"publish","type":"page","link":"https:\/\/www.racunovodstvo-sefas.si\/?page_id=291","title":{"rendered":"Ra\u010dunovodstvo"},"content":{"rendered":"[vc_row][vc_column]<div class=\"true-heading-wrap HZaUZqHE tt_animate_none \"><h3>Ra\u010dunovodske storitve<\/h3><p>Storitve opravljamo za mala, srednje velika in velika podjetja. Individualno se prilagodimo potrebam in zmo\u017enostim poslovanja ter dejavnosti in obsegu poslovanja.\n<p>Odgovorno in zanesljivo opravljamo naslednje ra\u010dunovodske storitve:<br \/>\n<\/p><\/p><\/div>[\/vc_column][\/vc_row][vc_row][vc_column width=&#8221;1\/4&#8243;]<div class=\"true-features  INOKqoDS tt_in_from_left\"><i class=\"true-custom-icon fa fa fa-envira\"><\/i><div class=\"true-description\">\n<h3>Glavna knjiga<\/h3>\n<p>Nudimo vodenje glavne knjige.<\/p><\/div><\/div><div class=\"true-features  XtwzNgzB tt_in_from_left\"><i class=\"true-custom-icon fa fa fa-envira\"><\/i><div class=\"true-description\">\n<h3>Dav\u010dna knjiga<\/h3>\n<p>Vodenje dav\u010dnih evidenc.<\/p><\/div><\/div><div class=\"true-features  SnTThkAm tt_in_from_left\"><i class=\"true-custom-icon fa fa fa-envira\"><\/i><div class=\"true-description\">\n<h3>Blagajna<\/h3>\n<p>Vodenje blagajne.<\/p><\/div><\/div><div class=\"true-features  fseRfENP tt_in_from_left\"><i class=\"true-custom-icon fa fa fa-envira\"><\/i><div class=\"true-description\">\n<h3>Stro\u0161kovna mesta in projekti<\/h3>\n<p>Vodenje po stro\u0161kovnih mestih in projektih.<\/p><\/div><\/div><div class=\"true-features  LychumLt tt_in_from_left\"><i class=\"true-custom-icon fa fa fa-envira\"><\/i><div class=\"true-description\">\n<h3>Dokumentacija za banke<\/h3>\n<p>Pripravimo vso potrebno dokumentacijo za banke pri pridobivanju posojil.<\/p><\/div><\/div>[\/vc_column][vc_column width=&#8221;1\/4&#8243;]<div class=\"true-features  BUsCcqfa tt_in_from_left\"><i class=\"true-custom-icon fa fa fa-adjust\"><\/i><div class=\"true-description\">\n<h3>Evidenca kontov<\/h3>\n<p>Vodenje analiti\u010dnih evidenc kontov in saldakontov.<\/p><\/div><\/div><div class=\"true-features  dBesFTII tt_in_from_left\"><i class=\"true-custom-icon fa fa fa-adjust\"><\/i><div class=\"true-description\">\n<h3>Register osnovnih sredstev<\/h3>\n<p>Vodenje registra, obra\u010dun amortizacije in prevrednotenje osn. sredstev.<\/p><\/div><\/div><div class=\"true-features  ekbXwemE tt_in_from_left\"><i class=\"true-custom-icon fa fa fa-adjust\"><\/i><div class=\"true-description\">\n<h3>Priprava pla\u010dilnih listin<\/h3>\n<p>Obra\u010dun pla\u010d in priprava listin.<\/p><\/div><\/div><div class=\"true-features  PCHMLEwN tt_in_from_left\"><i class=\"true-custom-icon fa fa fa-adjust\"><\/i><div class=\"true-description\">\n<h3>Statistike<\/h3>\n<p>Priprava finan\u010dnih statistik in statistik za Statisti\u010dni urad.<\/p><\/div><\/div><div class=\"true-features  iGzCDhSA tt_in_from_left\"><i class=\"true-custom-icon fa fa fa-adjust\"><\/i><div class=\"true-description\">\n<h3>Informacijske re\u0161itve<\/h3>\n<p>Pove\u017eemo vas z na\u0161imi partnerji in vam svetujemo najbolj\u0161o izbiro glede obsega in potreb.<\/p><\/div><\/div>[\/vc_column][vc_column width=&#8221;1\/4&#8243;]<div class=\"true-features  pLsNACfF tt_in_from_center\"><i class=\"true-custom-icon fa fa fa-envira\"><\/i><div class=\"true-description\">\n<h3>IOP izpisi<\/h3>\n<p>Priprava izpisov odprtih postavk.<\/p><\/div><\/div><div class=\"true-features  hXghYlXw tt_in_from_center\"><i class=\"true-custom-icon fa fa fa-envira\"><\/i><div class=\"true-description\">\n<h3>Zaklju\u010dni obra\u010dun<\/h3>\n<p>Priprava zaklju\u010dnih obra\u010dunov.<\/p><\/div><\/div><div class=\"true-features  kXowwZlL tt_in_from_center\"><i class=\"true-custom-icon fa fa fa-envira\"><\/i><div class=\"true-description\">\n<h3>Obra\u010dun prispevkov zavezanca<\/h3>\n<p>Priprava in oddaja obra\u010duna prispevkov za zavezance.<\/p><\/div><\/div><div class=\"true-features  GOAkQFNA tt_in_from_center\"><i class=\"true-custom-icon fa fa fa-envira\"><\/i><div class=\"true-description\">\n<h3>Pla\u010dilni promet<\/h3>\n<p>Vodenje pla\u010dilnega prometa.<\/p><\/div><\/div><div class=\"true-features  YYLJGuhI tt_in_from_center\"><i class=\"true-custom-icon fa fa fa-envira\"><\/i><div class=\"true-description\">\n<h3>Izdaja e-ra\u010dunov za prora\u010dunske uporabnike<\/h3>\n<p>Brezpla\u010dno vam pripravimo in oddamo e-ra\u010dune za prora\u010dunske uporabnike.<\/p><\/div><\/div>[\/vc_column][vc_column width=&#8221;1\/4&#8243;]<div class=\"true-features  tjTxbWJJ tt_in_from_right\"><i class=\"true-custom-icon fa fa fa-adjust\"><\/i><div class=\"true-description\">\n<h3>Obra\u010dun DDV<\/h3>\n<p>Obra\u010dunavanje davka na dodano vrednost.<\/p><\/div><\/div><div class=\"true-features  cazsSjmu tt_in_from_right\"><i class=\"true-custom-icon fa fa fa-adjust\"><\/i><div class=\"true-description\">\n<h3>Medletne bilance<\/h3>\n<p>Priprava medletnih bilanc za razli\u010dne namene.<\/p><\/div><\/div><div class=\"true-features  gukxrGLe tt_in_from_right\"><i class=\"true-custom-icon fa fa fa-adjust\"><\/i><div class=\"true-description\">\n<h3>Podjeme in avtorske pogodbe<\/h3>\n<p>Priprava in obra\u010dun podjemih pogodb in avtorskih honorarjev ter svetovanje glede le-teh.<\/p><\/div><\/div><div class=\"true-features  psUbZiyk tt_in_from_right\"><i class=\"true-custom-icon fa fa fa-adjust\"><\/i><div class=\"true-description\">\n<h3>Obra\u010dun obresti<\/h3>\n<p>Obra\u010dunavanje obresti.<\/p><\/div><\/div><div class=\"true-features  ZIJZrxPx tt_in_from_right\"><i class=\"true-custom-icon fa fa fa-adjust\"><\/i><div class=\"true-description\">\n<h3>Druge storitve po meri stranke<\/h3>\n<p>Storitve oblikujemo individualno po zahtevah stranke.<\/p><\/div><\/div>[\/vc_column][\/vc_row][vc_row][vc_column]<div class=\"true-image-box-2 tt_animate_none  hXuiKBNH\"><div class=\"true-img-wrap\"><\/div><div class=\"true-text-wrap\"><span class=\"icon-circ-wrap\"><i class=\"true-custom-icon fa \"><\/i><\/span><div class=\"callout-details-wrap\">\n<h2><\/h2>\n<p>Zraven ra\u010dunovodskih storitev vam pomagamo k va\u0161emu poslovanju pristopiti celovito. Usklajeno mora biti celotna infrastruktura poslovanja\u00a0od kadrovskih vpra\u0161anj do informacijskega sistema. Uskladimo in pripravimo vam koncept najla\u017ejega in u\u010dinkovitega pretoka informacij med zunanjim ra\u010dunovodstvom in va\u0161im poslovanjem. Pove\u017eemo vas z na\u0161imi strokovnjaki, ki so na podro\u010dju informacijskih re\u0161itev certificirani ter jih predlagajo tudi javni organi kot npr. Finan\u010dni urad RS. Tesno sodelujemo s podjetjem SAOP. Na\u0161e stranke uporabljajo programske re\u0161itve iCenter in\u00a0MiniMax. Prav tako pa vam omogo\u010dajo povezljivost programov ostalih ponudnikov.<\/p><\/div><\/div><\/div>[\/vc_column][\/vc_row]\n","protected":false},"excerpt":{"rendered":"<p>[vc_row][vc_column][\/vc_column][\/vc_row][vc_row][vc_column width=&#8221;1\/4&#8243;][\/vc_column][vc_column width=&#8221;1\/4&#8243;][\/vc_column][vc_column width=&#8221;1\/4&#8243;][\/vc_column][vc_column width=&#8221;1\/4&#8243;][\/vc_column][\/vc_row][vc_row][vc_column][\/vc_column][\/vc_row]<\/p>\n","protected":false},"author":1,"featured_media":0,"parent":0,"menu_order":0,"comment_status":"closed","ping_status":"closed","template":"","meta":{"_bbp_topic_count":0,"_bbp_reply_count":0,"_bbp_total_topic_count":0,"_bbp_total_reply_count":0,"_bbp_voice_count":0,"_bbp_anonymous_reply_count":0,"_bbp_topic_count_hidden":0,"_bbp_reply_count_hidden":0,"_bbp_forum_subforum_count":0,"footnotes":""},"class_list":["post-291","page","type-page","status-publish","hentry"],"aioseo_notices":[],"_links":{"self":[{"href":"https:\/\/www.racunovodstvo-sefas.si\/index.php?rest_route=\/wp\/v2\/pages\/291","targetHints":{"allow":["GET"]}}],"collection":[{"href":"https:\/\/www.racunovodstvo-sefas.si\/index.php?rest_route=\/wp\/v2\/pages"}],"about":[{"href":"https:\/\/www.racunovodstvo-sefas.si\/index.php?rest_route=\/wp\/v2\/types\/page"}],"author":[{"embeddable":true,"href":"https:\/\/www.racunovodstvo-sefas.si\/index.php?rest_route=\/wp\/v2\/users\/1"}],"replies":[{"embeddable":true,"href":"https:\/\/www.racunovodstvo-sefas.si\/index.php?rest_route=%2Fwp%2Fv2%2Fcomments&post=291"}],"version-history":[{"count":17,"href":"https:\/\/www.racunovodstvo-sefas.si\/index.php?rest_route=\/wp\/v2\/pages\/291\/revisions"}],"predecessor-version":[{"id":353,"href":"https:\/\/www.racunovodstvo-sefas.si\/index.php?rest_route=\/wp\/v2\/pages\/291\/revisions\/353"}],"wp:attachment":[{"href":"https:\/\/www.racunovodstvo-sefas.si\/index.php?rest_route=%2Fwp%2Fv2%2Fmedia&parent=291"}],"curies":[{"name":"wp","href":"https:\/\/api.w.org\/{rel}","templated":true}]}}