{"id":296,"date":"2016-12-15T14:41:48","date_gmt":"2016-12-15T13:41:48","guid":{"rendered":"http:\/\/www.racunovodstvo-sefas.si\/?page_id=296"},"modified":"2016-12-16T11:15:54","modified_gmt":"2016-12-16T10:15:54","slug":"dodatne-storitve","status":"publish","type":"page","link":"https:\/\/www.racunovodstvo-sefas.si\/?page_id=296","title":{"rendered":"Dodatne storitve"},"content":{"rendered":"[vc_row][vc_column]<div class=\"true-heading-wrap sJgghRrC tt_animate_none \"><h3>Ostale storitve<\/h3><p>Individualen pristop zagotavlja, da se popolnoma prilagodimo va\u0161im \u017eeljam in potrebam. Zato lahko za vas prevzamemo naslednje naloge oz. za vas opravimo naslednje storitve.<\/p><\/div>[\/vc_column][\/vc_row][vc_row][vc_column width=&#8221;1\/4&#8243;]<div class=\"true-features  HnkgfKoA tt_in_from_left\"><i class=\"true-custom-icon fa fa fa-envira\"><\/i><div class=\"true-description\">\n<h3>Opominjanje<\/h3>\n<p>Priprava opominov.<\/p><\/div><\/div><div class=\"true-features  CJDynEtW tt_in_from_left\"><i class=\"true-custom-icon fa fa fa-envira\"><\/i><div class=\"true-description\">\n<h3>Pomo\u010d pri kadrovanju<\/h3>\n<p>Re\u0161evanje vpra\u0161anj glede kadrov.<\/p><\/div><\/div><div class=\"true-features  QsMWFyOw tt_in_from_left\"><i class=\"true-custom-icon fa fa fa-envira\"><\/i><div class=\"true-description\">\n<h3>Prenos\/sprememba podjetja<\/h3>\n<p>Pomo\u010d pri preoblikovanju podjetja.<\/p><\/div><\/div><div class=\"true-features  DdeQhHps tt_in_from_left\"><i class=\"true-custom-icon fa fa fa-envira\"><\/i><div class=\"true-description\">\n<h3>Pomo\u010d na daljavo<\/h3>\n<p>Preko spleta se pove\u017eemo direktno z va\u0161im ra\u010dunalnikom in sproti re\u0161ujemo te\u017eave in vpra\u0161anja.<\/p><\/div><\/div>[\/vc_column][vc_column width=&#8221;1\/4&#8243;]<div class=\"true-features  UApROyyX tt_in_from_left\"><i class=\"true-custom-icon fa fa fa-adjust\"><\/i><div class=\"true-description\">\n<h3>Obresti<\/h3>\n<p>Obra\u010dun in po\u0161iljane zara\u010dunanih obresti.<\/p><\/div><\/div><div class=\"true-features  PskBWbUy tt_in_from_left\"><i class=\"true-custom-icon fa fa fa-adjust\"><\/i><div class=\"true-description\">\n<h3>Pomo\u010d na sede\u017eu podjetja<\/h3>\n<p>Opravljanje ra\u010dunovodskih del na sede\u017eu podjetja.<\/p><\/div><\/div><div class=\"true-features  pzGdhpHY tt_in_from_left\"><i class=\"true-custom-icon fa fa fa-adjust\"><\/i><div class=\"true-description\">\n<h3>Ustanovitev podjetja<\/h3>\n<p>Pomo\u010d pri ustanavljanju podjetja.<\/p><\/div><\/div>[\/vc_column][vc_column width=&#8221;1\/4&#8243;]<div class=\"true-features  GgFxhIhX tt_in_from_center\"><i class=\"true-custom-icon fa fa fa-envira\"><\/i><div class=\"true-description\">\n<h3>Prijava kadra v zavarovanje<\/h3>\n<p>Prijavimo zaposlene preko eVem v zavarovanje.<\/p><\/div><\/div><div class=\"true-features  zCfmLhYi tt_in_from_center\"><i class=\"true-custom-icon fa fa fa-envira\"><\/i><div class=\"true-description\">\n<h3>Finan\u010dna in druga sredstva<\/h3>\n<p>Priprava dokumentacije za pridobitev finan\u010dnih in nepovratnih sredstev.<\/p><\/div><\/div><div class=\"true-features  UthyPMeH tt_in_from_center\"><i class=\"true-custom-icon fa fa fa-envira\"><\/i><div class=\"true-description\">\n<h3>Poslovno svetovanje<\/h3>\n<p>Celovit pristop pri nudenju poslovnih informacij.<\/p><\/div><\/div>[\/vc_column][vc_column width=&#8221;1\/4&#8243;]<div class=\"true-features  qdjeiISu tt_in_from_right\"><i class=\"true-custom-icon fa fa fa-adjust\"><\/i><div class=\"true-description\">\n<h3>Odjava iz zavarovanja<\/h3>\n<p>Delavce odjavimo.<\/p><\/div><\/div><div class=\"true-features  gZhsZjNU tt_in_from_right\"><i class=\"true-custom-icon fa fa fa-adjust\"><\/i><div class=\"true-description\">\n<h3>Poslovni na\u010drt<\/h3>\n<p>Priprava poslovnega na\u010drta.<\/p><\/div><\/div><div class=\"true-features  bQWjCezL tt_in_from_right\"><i class=\"true-custom-icon fa fa fa-adjust\"><\/i><div class=\"true-description\">\n<h3>Dav\u010dna blagajna<\/h3>\n<p>Svetovanje glede najprimernej\u0161ega sistema dav\u010dne blagajne in uvajanje.<\/p><\/div><\/div>[\/vc_column][\/vc_row]\n","protected":false},"excerpt":{"rendered":"<p>[vc_row][vc_column][\/vc_column][\/vc_row][vc_row][vc_column width=&#8221;1\/4&#8243;][\/vc_column][vc_column width=&#8221;1\/4&#8243;][\/vc_column][vc_column width=&#8221;1\/4&#8243;][\/vc_column][vc_column width=&#8221;1\/4&#8243;][\/vc_column][\/vc_row]<\/p>\n","protected":false},"author":1,"featured_media":0,"parent":0,"menu_order":0,"comment_status":"closed","ping_status":"closed","template":"","meta":{"_bbp_topic_count":0,"_bbp_reply_count":0,"_bbp_total_topic_count":0,"_bbp_total_reply_count":0,"_bbp_voice_count":0,"_bbp_anonymous_reply_count":0,"_bbp_topic_count_hidden":0,"_bbp_reply_count_hidden":0,"_bbp_forum_subforum_count":0,"footnotes":""},"class_list":["post-296","page","type-page","status-publish","hentry"],"aioseo_notices":[],"_links":{"self":[{"href":"https:\/\/www.racunovodstvo-sefas.si\/index.php?rest_route=\/wp\/v2\/pages\/296","targetHints":{"allow":["GET"]}}],"collection":[{"href":"https:\/\/www.racunovodstvo-sefas.si\/index.php?rest_route=\/wp\/v2\/pages"}],"about":[{"href":"https:\/\/www.racunovodstvo-sefas.si\/index.php?rest_route=\/wp\/v2\/types\/page"}],"author":[{"embeddable":true,"href":"https:\/\/www.racunovodstvo-sefas.si\/index.php?rest_route=\/wp\/v2\/users\/1"}],"replies":[{"embeddable":true,"href":"https:\/\/www.racunovodstvo-sefas.si\/index.php?rest_route=%2Fwp%2Fv2%2Fcomments&post=296"}],"version-history":[{"count":6,"href":"https:\/\/www.racunovodstvo-sefas.si\/index.php?rest_route=\/wp\/v2\/pages\/296\/revisions"}],"predecessor-version":[{"id":328,"href":"https:\/\/www.racunovodstvo-sefas.si\/index.php?rest_route=\/wp\/v2\/pages\/296\/revisions\/328"}],"wp:attachment":[{"href":"https:\/\/www.racunovodstvo-sefas.si\/index.php?rest_route=%2Fwp%2Fv2%2Fmedia&parent=296"}],"curies":[{"name":"wp","href":"https:\/\/api.w.org\/{rel}","templated":true}]}}